ulate -5 - (0 + -7 + -3).
5
Evaluate -3 - (0 - (1 + -19)) - 1.
-22
What is -222 - -234 - (15 - 0)?
-3
What is (5 + -9 - -15 - -9) + -9?
11
Evaluate -22 - (-2 - 2 - -2) - (47 + -44).
-23
Evaluate 1 - ((7 - 6) + 3 + -3 - -1).
-1
(0 + -6 - -2) + -124 + 130 - -17
19
Evaluate (-6 - 1) + (7 - (2 - (0 + -2))).
-4
-7 + 1 - -12 - -6
12
Evaluate 6 + -1 + (-5 - -10 - 3).
7
(-3 - (-1 - -1)) + 13
10
(-7 + -6 + 12 - -5) + -1
3
Calculate -6 - (2 + (8 - 7) + -4).
-5
17 + 3 + 9 + -21
8
Evaluate 2 + -20 + -10 + 23.
-5
Calculate -15 + 14 + (1 - 4) + -11.
-15
What is -6 - (6 - 18) - (1 - -6 - 6)?
5
Calculate (-4 - 8) + (59 - 62).
-15
Evaluate -2 - (-9 - (-18 + 22)).
11
-35 - ((5 - (-1 + 0)) + -9 + -1)
-31
Calculate (15 + 0 + -7 - (5 + -1)) + -3.
1
Calculate 2 - 22 - (86 - 93).
-13
What is -6 + -2 + (-12 - -1) + (125 - 120)?
-14
What is the value of 16 - ((-23 - 7) + 19 - -18)?
9
What is the value of 60 - 29 - 31 - -1?
1
Calculate -13 + (-9 - 3 - -17).
-8
Evaluate (3 - (6 + -4)) + (4 - (15 + -5)).
-5
What is the value of (-5 - -8) + 22 + 133 + -130?
28
What is (-6 - -2) + 9 + -2 - (-60 + 51)?
12
What is 11 + (-8 - -15) + -17?
1
What is 0 - (13 + (1 - -3) + -6 + 4)?
-15
Calculate -12 - (6 + 6 - 6).
-18
What is the value of (74 - 38) + -26 - 4?
6
What is the value of -1 + 2 + -9 + (6 - 1) - 3?
-6
What is the value of 52 + (-25 - (-25 - -26))?
26
What is 1 + 1 + -11 + 4 - (5 - 7)?
-3
Calculate (6 - 0) + -20 + 15.
1
(12 - (-12 - -35)) + 12
1
Evaluate -33 + -9 + 29 + (6 + 0 - -3).
-4
What is the value of 12 - (-7 - (-14 - 1)) - -9?
13
What is the value of -1 + -5 - (99 + -107) - 7?
-5
Evaluate 12 + (-13 - (-34 + 19)).
14
What is (13 - 6) + -2 + -7?
-2
6 + 0 - (-38 + 39) - 4
1
Calculate -5 + 7 + -9 + (0 - -2).
-5
Calculate 8 - 6 - (-13 + 8).
7
Calculate 6 - (-7 + 20) - -10.
3
What is the value of -1 + (5 - -2) + (11 - 1) + -8?
8
Evaluate -3 + (-4 + 11 - (4 + 0)).
0
57 - (-11 - (-31 + -12))
25
What is the value of 2 + -17 + (-15 - -5 - (-21 + 5))?
-9
What is the value of -16 - (-21 + (4 - -13) + 11 + 0)?
-23
(-9 - 1) + (-74 - -62) + 9
-13
Calculate (43 - (12 - 5)) + -6 + 6 + -8.
28
(-5 - ((11 - 6) + -9)) + -7
-8
What is (-1 + -1 - (-36 + 33)) + -13?
-12
Calculate 0 + -3 + (-1 - -13).
9
What is the value of (23 - 18) + 8 - 17?
-4
What is the value of (11 - (1 + 9)) + (-5 - 5)?
-9
-17 + 0 + (165 - 147)
1
What is the value of (-9 + 15 - 14) + 40 + -8?
24
What is the value of 0 + -43 + 21 + 26 + -1 + 7?
10
Evaluate -5 + (1 + 10 + -1 + -2 - 6).
-3
What is the value of 3 + -7 + 7 + (-2 - -4 - 6)?
-1
What is (113 - -1) + -113 - (11 + 1 + 0)?
-11
Evaluate 16 + -2 + (-219 - -214).
9
Calculate -1 + 2 + (115 - 110) + 17.
23
What is (-7 - (-11 - -11)) + -5?
-12
What is the value of 2 + -3 + (12 - -3) - -15?
29
Calculate -6 - (2 - (-6 + 1 - -14) - -9).
-8
What is -8 + -1 + (261 - 264)?
-12
Calculate (4 + (-2 - -5) - -2) + -142 + 107.
-26
What is -13 + -1 + 420 + -431 + -3?
-28
Evaluate (-57 - -46) + (17 - 5) + (5 - 0).
6
Calculate -12 - (-8 + (8 - 2) + 1).
-11
What is the value of -3 + (-6 - 5) + (11 - -9)?
6
10 + 2 + (-9 - -2 - -3)
8
What is (5 - -4) + -12 + (-5 + 5 - 1)?
-4
What is the value of -9 + 1 + 1 + 7 + -5 + 1?
-4
Evaluate 3 + -7 - (-10 + 2 + 4 - 1).
1
-8 + 18 - 6 - 8
-4
What is the value of 2 + -10 - (-29 - (-7 - 27))?
-13
Calculate (-9 + 6 - -7) + 6 - 13.
-3
Calculate -57 + 58 - (3 - 0) - 6.
-8
What is -5 + (1 - -9 - 0)?
5
Evaluate -12 + -1 + -3 + 77 + -74.
-13
Evaluate -4 - (-23 - (-14 + -9)).
-4
What is -2 - ((7 - -13) + -20 + -10 + -1)?
9
What is (-22 - (16 + -13 + -12)) + -3?
-16
Evaluate -23 + -5 - (27 + -33).
-22
Evaluate 9 + 19 - 21 - 17.
-10
Evaluate 14 + 1 + -16 + -5 - (1 + -30).
23
What is 8 - (3 + 1 + (31 - (-10 + 37)))?
0
Evaluate -74 + 84 - (-3 + 25).
-12
What is (-23 - (-20 - (-9 - -2))) + 13?
3
-27 + -1 + 28 - 18
-18
What is the value of -8 + 5 - (40 + -46)?
3
Evaluate (10 - 10) + 2 + 3 + -5.
0
What is (-7 - 1) + (-16 + 30 - 29 - -20)?
-3
What is the value of (-8 - (1 + -9 - 0)) + -11?
-11
Evaluate 6 - (14 - -14 - 28).
6
What is the value of 15 + (-633 + 632 - (1 + 1 + -6))?
18
Calculate (-19 - ((-1 - -2) + -12)) + -3.
-11
(-11 - -17) + (2 - ((-1 - -18) + -2))
-7
What is the value of 1 + 13 + (570 - 586)?
-2
1 - -9 - (-10 + (24 + 3 - 12))
5
(-13 - (29 - 7)) + 11
-24
What is the value of -5 + 7 + -9 + -1?
-8
What is -10 + (10 + -7 - -18) + -10?
1
Evaluate -7 - (11 + -25 + (9 - -15)).
-17
Calculate 1 - (13 + 8 + -31).
11
Evaluate 5 + (6 - 18) + -2 - (0 - 12).
3
-21 + 1 + -1 + (205 - 201)
-17
Evaluate (9 - (8 - (15 + -7))) + (-4 - 4).
1
Calculate 0 - 14 - (589 - 584).
-19
Calculate (-5 + 4 - -5) + 202 + -218.
-12
What is the value of 4 - 1 - ((-12 - -1) + 10) - 0?
4
Evaluate 9 + 4 + -22 - -13 - 7.
-3
What is 22 + (0 - (8 + -9 + -1 + 1))?
23
Calculate -4 + ((-23 - -5) + 2 - (4 + 1)).
-25
Calculate 0 + -1 + (0 + 9 - -3).
11
What is 4 - (-10 + 23 - -6 - (1 - -2))?
-12
What is the value of 6 - (-6 + -1) - (-1 + 8)?
6
What is -12 - (14 - (39 + -22))?
-9
What is the value of (-8 - (-18 + 18)) + (7 - 1) + 0?
-2
Calculate 1 - (0 - -14) - (45 + -51).
-7
What is the value of -3 - (-1 + (2 - -6))?
-10
What is 15 - 0 - (-22 + (35 - 4))?
6
What is 5 - 9 - ((-2 - -14) + (-30 - 18))?
32
Evaluate (-26 - (-31 + -2)) + 20.
27
Calculate 1 + -3 - -12 - 16 - (1 - 23).
16
Evaluate (2 - (4 + 6 + 0)) + 0 - -7.
-1
Evaluate 8 - (5 - (-1 - -4)) - 8 - -9.
7
What is the value of 2 - (15 - 6) - 0?
-7
What is the value of (-14 + -4 - -7) + -4 + 11 + 25?
21
Calculate (18 + -3 - 12) + -1 + -6 + 17.
13
What is the value of 7 + -7 - (4 + -8 - -19 - 2)?
-13
What is the value of 2 - -2 - (-64 - -80)?
-12
Calculate 4 + (-3 - (-3 - -4)) - 9 - -6.
-3
What is 3 - 41 - (-35 + 29 + -6)?
-26
Calculate -1 - (21 - 27 - -4).
1
What is (214 - 212) + (0 - 18)?
-16
-25 + 7 + -19 + -8 + 12 + -2
-35
What is -9 - (-7 + 7 + 4 + -5) - -1?
-7
Evaluate (-23 - -7) + (-22 - -16) - -3.
-19
Evaluate -6 + (-2 - -19) + -10.
1
What is (-3 - ((4 - (5 - 2)) + 2)) + -5?
-11
What is the value of (-25 + 9 - (-18 + 1)) + -17?
-16
15 - (46 + -35 + 3)
1
What is 5 - (-3 - -22) - (5 - -2)?
-21
What is -16 + 3 + (-5 - -7 - 0) + -1?
-12
(-23 - -50 - 15) + -2
10
What is (-3 - -1) + 18 - (105 + -120)?
31
What is the value of 293 - 298 - (0 + -8 + -1)?
4
Evaluate -20 + 10 + 18 - (6 - (1 + 1)).
4
What is the value of -19 + 2 + 8 + 19 - -10?
20
Evaluate -6 - (7 - ((22 - (9 + -8)) + -10)).
-2
Calculate (7 - 4 - 16) + 21.
8
What is the value of 20 + 6 - (18 + -14 + 6 + -6)?
22
Evaluate -6 + (3 - (4 + 2)) + -1.
-10
Calculate (-3 - -3) + -69 + 65.
-4
What is the value of 67 + (-139 - -100) - (-2 - -1)?
29
Evaluate (-12 - -5) + -8 + 15.
0
Calculate (-11 - -9) + 2 + 4.
4
(-13 - -9) + (-17 - 0) - -8
-13
Calculate 7 - ((3 + 0 - -1) + -2) - -4.
9
What is 12 + -26 + (21 + 1 - 10)?
-2
Evaluate -18 + -71 + 57 + 32 + 2.
2
What is the value of 12 - 3 - (15 - (16 - (-18 + 37)))?
-9
Evaluate 1 + 5 - (-11 + 4 - -8) - 4.
1
(-17 - (18 - 10)) + 25
0
What is the value of 13 + -9 + -7 + 18?
15
What is 3 + 11 + 8 + 0 + -16?
6
1 - 3 - (-7 - 9)
14
Evaluate -2 + 10 + 5 + -3 - 24.
-14
What is the value of 26 + (16 - 9 - (-8 + 12))?
29
What is 4 - ((-16 - -42) + -23)?
1
-3 + 7 + -2 + (6 + -4 - 3)
1
Evaluate (33 - 19) + -47 + 35.
2
What is the value of 9 + -7 + 8 + -19 - -8?
-1
What is the value of 29 - 27 - ((0 - -5) + -3 + -8)?
8
Calculate (-7 - -10) + -3 + (3 - -1) - -8.
12
Evaluate -14 + -1 + 12 - -26.
23
8 + 14 + -16 - 1
5
Evaluate 0 - 30 - (-3 - (-4 + 6)).
-25
Calculate (-12 + 0 - 1) + 30.
17
3 - (-31 + 2 - -16)
16
What is -4 - (-1 - (8 - 9) - -9)?
-13
(48 - 3 - (-43 - -64)) + -10
14
What is 554 - 528 - (-4 + 6 + -4)?
28
Calculate (1 - 0) + 39 + -28 + 1.
13
What is the value of 10 + 5 + -16 - (2 + -1)?
-2
-11 - -4 - -20 - 20
-7
What is 4 + -9 - -2 - 3?
-6
Calculate (-5 + 18 + -13 - -9) + 0 + -1.
8
What is the value of 27 + (-17 - (-8 - -4))?
14
What is 9 - (10 + -1 + 2 + 5 + -6)?
-1
What is -2 + 14 - (8 + (-31 - -15) + 1)?
19
Calculate 1 - (0 + 8 + (22 + -7 - 9)).
-13
What is the value of -694 + 680 - (-15 + 0)?
1
What is (-4 - -12 - -3) + (-14 - -10)?
7
What is 14 + (5 - 54) + 14?
-21
Evaluate (-37 - -13) + (38 - -1).
15
What is -26 + 19 + (-19 - -12)?
-14
Calculate -1 + -46 + 43 + (1 - -1).
-2
Evaluate (15 + -1 - (8 - 11 - -11)) + 2.
8
What is the value o